*a**2 + 6*a + 2. Let j be (5/2)/(3/6). What are the prime factors of n(j)?
11
Let t(z) = z**3 + 8*z**2 + 5*z + 6. Let r be t(-7). Suppose 0 = 5*a + r + 10. What are the prime factors of 9/a + (-54)/(-4)?
2, 3
Suppose 271 = 2*t - 0*t + k, 0 = -5*t - 4*k + 676. List the prime factors of t.
2, 17
Suppose -45 = -0*t + 5*t. Let z be (64/10)/(2/5). Let p = z + t. List the prime factors of p.
7
Let g = 20 + 14. What are the prime factors of g?
2, 17
Let w = 12 + -12. Suppose w = -5*s + 21 + 14. List the prime factors of s.
7
Suppose 3*a - 6 + 0 = 0. Suppose 2 = a*j - 4. List the prime factors of j.
3
Suppose 68 = l - 5*c, 3*l + 2*c = 101 + 52. What are the prime factors of l?
53
Suppose -3*j - 1 = 2*x, -j = -5*x - 0*j - 11. Let d = -2 - x. Suppose 0 = l - 3 - d. List the prime factors of l.
3
Let j(c) = c**3 - 4*c**2 + 5*c - 4. Let q be j(3). Let i(d) = 10*d - 3*d - q + 3*d. List the prime factors of i(2).
2, 3
Let n be ((-1)/1)/((-1)/14). Let x = n - 5. List the prime factors of x.
3
List the prime factors of 7866/(-161)*((-17)/3 + 1).
2, 3, 19
Suppose 2*h + x = -2*x + 21, -4*x = 3*h - 32. Suppose -h = -2*l + 2. What are the prime factors of l?
7
Let m(q) = 5*q - 15. What are the prime factors of m(9)?
2, 3, 5
List the prime factors of 46 + 4 + 0/1.
2, 5
Let l = 68 + -45. Let c = -7 + l. What are the prime factors of c?
2
Suppose 11*r - 189 = 10*r. List the prime factors of r.
3, 7
Let p = 0 - -14. Let r = p - 10. List the prime factors of r.
2
What are the prime factors of -3 + (20 - -1)*1?
2, 3
Let b(r) = -r**3 - 4*r**2 + 4*r - 7. Let v be b(-5). What are the prime factors of v/(-6) + 1040/39?
3
Let c(w) = 6*w**2 - 8*w + 15. List the prime factors of c(8).
5, 67
Let g(c) = 6*c - 7. Let n = 16 + -9. What are the prime factors of g(n)?
5, 7
Let u(p) = -p**3 - 6*p**2 - 5*p + 2. Let f be u(-5). List the prime factors of ((-136)/(-24))/(f/6).
17
Suppose -4*c = -7*c. Suppose 3*t = c, -4*t + 3 + 4 = u. List the prime factors of u.
7
Let x be 8/(-10)*270/(-12). Suppose -d = -3*d + x. List the prime factors of d.
3
What are the prime factors of ((-268)/6)/(4/(-6))?
67
Let z be 1*(1 - (-7)/1). Suppose 3*u = -1 - z. List the prime factors of -2 - (9/(-1) - u).
2
Let v(s) = 6 - s + 3*s - 11. Let p be v(4). Suppose -5*i + 10 = 2*c, -i + 3*c + p - 1 = 0. List the prime factors of i.
2
Suppose 5*r - 51 = -2*f, -5*f + f = -5*r - 147. What are the prime factors of f?
3, 11
Let n(i) = -i**3 + i + 6. Let x be n(0). Let q(u) = 3*u - 12. Let v be q(14). Suppose -2*d = -2 - x, -2*r + d = -v. What are the prime factors of r?
17
Let q(p) = p**2 - 4*p + 2. What are the prime factors of q(4)?
2
Suppose -2*l + 5*g + 50 = -0*l, l + 2*g - 16 = 0. What are the prime factors of l?
2, 5
Let l(p) = p + 1. Let r(u) = 2*u + 3. Let t(f) = 8*l(f) - 3*r(f). Let s be t(3). Suppose -2*g + 1 = s*h - 3, -6 = 3*h + 4*g. List the prime factors of h.
2
Let w = -8 - -8. Suppose -2*z + w*z = -14. What are the prime factors of z?
7
Let l(j) = 4*j**2 + 6*j. Let b be l(-9). Suppose -z - 5*z = -b. What are the prime factors of z?
3, 5
Let z(s) = 92*s + 4. What are the prime factors of z(1)?
2, 3
Suppose 3*v = 8*v. Suppose v = -5*u + 3*z + 19, -2*z = 4*u - 3*z - 11. List the prime factors of u.
2
Let p = 17 - 43. Let f = -22 - p. List the prime factors of f.
2
Let r(j) = 101*j**2 + 2*j. What are the prime factors of r(1)?
103
Let z(m) = -m**3 - 18*m**2 + 15*m + 35. List the prime factors of z(-19).
3, 37
Let y(a) = -3*a**2 - 6*a + 5. Let s(l) = -l**2 - l. Let h(g) = 2*s(g) - y(g). Let x be h(-4). What are the prime factors of x + 15 + -2 + 0?
2
Suppose 3*d - 2*d = 10. Let o be 72/10*d/3. Suppose 4*q + 4*x = 2*x + o, -5*q + 5*x = -30. What are the prime factors of q?
2, 3
Let w be 0 - (10 - 0 - 0). Suppose -8*a = -3*a + 2*f + 159, -2*a - 66 = 2*f. Let t = w - a. What are the prime factors of t?
3, 7
Let a(j) = 69*j**2 + 1. What are the prime factors of a(1)?
2, 5, 7
Let x = 19 - -29. What are the prime factors of x?
2, 3
Suppose 5*r - 141 = 219. What are the prime factors of r?
2, 3
Suppose 10*w = 9*w + 27. List the prime factors of w.
3
Let t(s) = -s - 2. Let k be t(-7). Let g(r) = 3*r. List the prime factors of g(k).
3, 5
Let x be 2/7 + 174/(-21). Let a be -4*(2 + (-75)/12). Let p = a + x. What are the prime factors of p?
3
Suppose 3*o - a - 37 = 0, 31 + 40 = 5*o - 4*a. Suppose -o - 1 = 2*r. Let z = r - -14. What are the prime factors of z?
2
Let n = -21 + 16. Let r(d) = -7*d - 3. List the prime factors of r(n).
2
Let w(o) = 12*o + 20. List the prime factors of w(9).
2
Let t = -199 - -301. List the prime factors of t.
2, 3, 17
Let y(p) = -3*p**2 - 7*p + 32. Let n(b) = -4*b**2 - 10*b + 48. Let x(a) = 5*n(a) - 7*y(a). What are the prime factors of x(0)?
2
Let t(q) = -q**3 - 2*q**2 - 4*q - 3. Let d be t(-2). Suppose -d*y = -2*y - 12. Suppose 28 = 8*a - y*a. What are the prime factors of a?
7
Let q = 93 + -160. Let o = q - -100. List the prime factors of o.
3, 11
Let t(q) = -4 - 3 + 2 - 2 - 2*q. List the prime factors of t(-5).
3
Let t = 528 + -279. List the prime factors of t.
3, 83
Let r(m) = -m**2 - 14*m - 1. What are the prime factors of r(-9)?
2, 11
Suppose 2*z + 6 = -z, -3*z + 141 = 3*x. List the prime factors of x.
7
Let m = 105 + -43. What are the prime factors of m?
2, 31
Let u(q) = 5*q. Let f be u(1). Let k(t) = t + f + t - t. What are the prime factors of k(5)?
2, 5
Let h(p) = p**2 - 5*p - 3. Let y(j) = -j**2 + 6*j + 4. Let b = 15 + -10. Let k(t) = b*h(t) + 4*y(t). List the prime factors of k(-2).
7
Suppose 3*b + 12 = b. Let t(r) = -r + 2. What are the prime factors of t(b)?
2
Suppose -275 = 4*f - 9*f. What are the prime factors of f?
5, 11
Suppose 57 = 5*i - 8. Let v = -1 + i. List the prime factors of v.
2, 3
Let b(u) = u**3 - 7*u**2 + 6*u + 4. Let x be b(6). Suppose x*l = 43 - 7. List the prime factors of l.
3
Let w = 4 + -1. Suppose 0 = 3*n + 2*i - 5, -w*n + 3*i - 17 = 2*n. List the prime factors of (4 + -2)*(1 - n).
2
Let w(o) = 2*o - 6. List the prime factors of w(5).
2
Suppose 4 = 2*j + 2*j. Suppose -c - j = -3, -2*w + c + 18 = 0. What are the prime factors of w?
2, 5
What are the prime factors of -20*(-35)/10 - -1?
71
Suppose -34*j - 39 = -37*j. List the prime factors of j.
13
Let y(s) = s**2 + 6*s. What are the prime factors of y(-7)?
7
Let v(k) = -k**3 - 7*k**2 - 7*k - 3. Let f be v(-6). Suppose -4*x - f*q = -69, -2 + 6 = -4*q. What are the prime factors of x?
2, 3
Let z = -16 + 24. List the prime factors of z.
2
Suppose -5 = -5*d + 30. Let q(u) = -u**2 + 6*u + 5. Let r be q(d). Let l = 9 + r. What are the prime factors of l?
7
Suppose -36 = -4*z + 32. What are the prime factors of z?
17
Let b(i) = 6*i + 40. What are the prime factors of b(10)?
2, 5
Suppose 0*x = 5*x - 55. Let j = x - -2. List the prime factors of j.
13
Suppose -4*p = -7 + 3, -4*t - 4*p = -12. Let k = t - -2. Suppose -k*o + 2*x + 60 = 0, -4*o + 2*x = -2*o - 34. List the prime factors of o.
13
Let o be -1*1*(-4 - -3). Let w be 3 - o - (2 + -1). List the prime factors of -2 + 1 - (-7 + w).
5
Let k = 2 + 5. List the prime factors of k.
7
Let r(m) = 7*m**2 - 1. Let p be r(-1). Let s be (-3 - p/(-3))*-2. Suppose -5*d = 2*j - d - 18, -s*j = -d - 38. What are the prime factors of j?
17
Let l be (-2)/(6/(-5))*-3. Let p(b) = -b**3 - 6*b**2 - 6*b. What are the prime factors of p(l)?
5
Suppose l = -4*l + 25. List the prime factors of l.
5
Let s(p) = -p**2 + 4*p + 2. Let n be s(4). Suppose 3*z - 1 = n*z. What are the prime factors of 1/(2*z/20)?
2, 5
Suppose -h - 11 = -4*c, 2*c = 2 - 0. Let m(d) = d**3 + 7*d**2 - 3*d - 10. List the prime factors of m(h).
11
Let g = -162 + 229. List the prime factors of g.
67
Let a = -18 - -30. What are the prime factors of a?
2, 3
Suppose 0 = -4*r + 6*r. Suppose 0 = 2*o - r*o - 4. List the prime factors of (-2 + (-23)/(-2))*o.
19
Let d = 18 + -13. Suppose -5*u + 3*z = -37, -d*u - 4*z + 3 = -6. List the prime factors of u.
5
Suppose -h + 1 + 1 = 5*y, 4 = 2*h + 5*y. Let a(v) = v**3 - 5*v**h + 0*v**3 + 6*v - 1 - 4. List the prime factors of a(4).
3
Suppose -5*t = 2*m - 18, 0 = -0*t + 2*t + 2*m - 12. List the prime factors of (t/4)/(5/90).
3
Let c(o) = -o**3 + 4*o**2 - 2*o + 2. Let t be c(4). Let l be (-1)/(-3) - 22/t. Suppose g - 9 = -l. What are the prime factors of g?
5
Suppose 5*s = h - 